omposite number?
False
Is 45053 a composite number?
False
Is 52079 a prime number?
False
Is 6299 a prime number?
True
Is 46859 composite?
True
Is 29837 a prime number?
True
Is 5791 a composite number?
False
Is 341303 a composite number?
False
Is 1347967 composite?
False
Is 1187 composite?
False
Is 64441 prime?
False
Is 115865 composite?
True
Is 5752273 prime?
False
Is 1422221 a prime number?
True
Is 3274411 prime?
False
Is 232553 prime?
False
Is 115183 prime?
True
Is 21785 composite?
True
Is 9469 a prime number?
False
Is 4341 a composite number?
True
Is 6085 prime?
False
Is 9673 prime?
False
Is 45511 composite?
True
Is 1480147 composite?
True
Is 25283 a composite number?
True
Is 26419 a composite number?
True
Is 1061393 a prime number?
True
Is 2451277 composite?
False
Is 1217323 prime?
False
Is 51449 prime?
True
Is 593 prime?
True
Is 386233 a composite number?
False
Is 58 a prime number?
False
Is 192737 composite?
False
Is 17795 a prime number?
False
Is 65791 a prime number?
False
Is 18899 a prime number?
True
Is 551011 a composite number?
True
Is 5143 a prime number?
False
Is 116627 composite?
True
Is 12459 a prime number?
False
Is 707 a prime number?
False
Is 477827 prime?
False
Is 4069 prime?
False
Is 1227 a composite number?
True
Is 59849 prime?
False
Is 1328311 composite?
False
Is 93085 composite?
True
Is 2321 composite?
True
Is 978773 prime?
True
Is 331 composite?
False
Is 11861 a composite number?
True
Is 4319189 a prime number?
False
Is 38107 a composite number?
True
Is 114805 composite?
True
Is 769073 a composite number?
False
Is 160199 prime?
False
Is 40373 prime?
False
Is 182051 a composite number?
True
Is 9781 a composite number?
False
Is 316577 a composite number?
False
Is 4076783 prime?
True
Is 974 a prime number?
False
Is 6157 a prime number?
False
Is 332219 prime?
True
Is 141439 a composite number?
False
Is 3787 composite?
True
Is 289207 composite?
True
Is 12641 composite?
False
Is 530831 a composite number?
True
Is 60209 a prime number?
True
Is 1733 a composite number?
False
Is 7993 a prime number?
True
Is 89779 prime?
True
Is 144959 composite?
True
Is 30145 a composite number?
True
Is 19661 prime?
True
Is 13 a prime number?
True
Is 21259 prime?
False
Is 48001 composite?
True
Is 437579 a composite number?
True
Is 3247 prime?
False
Is 557301 a composite number?
True
Is 375321 a composite number?
True
Is 21439 a composite number?
True
Is 493759 a prime number?
False
Is 298765 a composite number?
True
Is 13165 composite?
True
Is 25549 a prime number?
False
Is 40231 prime?
True
Is 528967 prime?
True
Is 289397 a prime number?
True
Is 20791 composite?
True
Is 90595 prime?
False
Is 363311 a composite number?
True
Is 165281 a composite number?
True
Is 131009 composite?
False
Is 109717 composite?
False
Is 6821 prime?
False
Is 1997339 composite?
False
Is 115963 a composite number?
False
Is 1268209 composite?
True
Is 60859 a prime number?
True
Is 361091 a composite number?
False
Is 3433 prime?
True
Is 9059 a composite number?
False
Is 140467 a composite number?
True
Is 2271551 a composite number?
False
Is 365793 composite?
True
Is 111463 a composite number?
True
Is 47933 a prime number?
True
Is 392099 a prime number?
True
Is 751 composite?
False
Is 86399 composite?
False
Is 29123 a prime number?
True
Is 272621 composite?
False
Is 40547 prime?
False
Is 19157 prime?
True
Is 225281 prime?
False
Is 2251 a prime number?
True
Is 22189 a composite number?
False
Is 1454797 composite?
True
Is 125403 a prime number?
False
Is 286274 composite?
True
Is 25667 composite?
False
Is 1903 composite?
True
Is 495685 a prime number?
False
Is 3557 prime?
True
Is 7529 composite?
False
Is 116749 composite?
True
Is 534063 prime?
False
Is 196489 a composite number?
True
Is 1168919 a prime number?
True
Is 1042859 a prime number?
False
Is 11863 a composite number?
False
Is 192107 prime?
False
Is 2517 a composite number?
True
Is 2129 a prime number?
True
Is 1691 prime?
False
Is 164309 a composite number?
False
Is 44837 a composite number?
True
Is 251 a composite number?
False
Is 340586 a prime number?
False
Is 1937361 a composite number?
True
Is 282263 a prime number?
False
Is 430991 prime?
False
Is 463693 a composite number?
False
Is 50009 prime?
False
Is 102577 prime?
False
Is 11047 composite?
False
Is 129029 composite?
True
Is 38509 composite?
True
Is 75913 a composite number?
False
Is 1109113 a prime number?
True
Is 226307 a prime number?
True
Is 16181 prime?
False
Is 1428247 prime?
True
Is 424639 a prime number?
True
Is 64271 a composite number?
False
Is 478129 a prime number?
True
Is 154391 a composite number?
True
Is 27767 a composite number?
False
Is 16127 composite?
False
Is 47339 composite?
False
Is 384173 a prime number?
True
Is 250645 a composite number?
True
Is 132019 prime?
True
Is 410599 prime?
False
Is 22229 composite?
False
Is 147419 a composite number?
False
Is 109073 composite?
False
Is 48549 a prime number?
False
Is 17453 prime?
False
Is 58 composite?
True
Is 34739 a composite number?
False
Is 374521 composite?
True
Is 1490429 prime?
True
Is 5939 prime?
True
Is 1397 prime?
False
Is 8941 prime?
True
Is 8267 a composite number?
True
Is 902401 a prime number?
True
Is 7963 composite?
False
Is 66271 prime?
True
Is 2497405 a prime number?
False
Is 95671 a prime number?
False
Is 912157 composite?
True
Is 26089 a composite number?
True
Is 12323 a composite number?
False
Is 91645 prime?
False
Is 25031 composite?
False
Is 20141 prime?
False
Is 1369 a prime number?
False
Is 5981 a prime number?
True
Is 892505 a composite number?
True
Is 25111 a composite number?
False
Is 8187 a prime number?
False
Is 21089 a composite number?
False
Is 540119 a composite number?
False
Is 11467 prime?
True
Is 173969 a prime number?
True
Is 7729 composite?
True
Is 27091 a composite number?
False
Is 9461 composite?
False
Is 638339 a prime number?
False
Is 370013 composite?
True
Is 47759 a prime number?
False
Is 61907 prime?
False
Is 17291 a composite number?
False
Is 15547 a composite number?
True
Is 5809 a prime number?
False
Is 86321 a prime number?
False
Is 242831 a composite number?
True
Is 12451 prime?
True
Is 62897 a composite number?
False
Is 26339 composite?
False
Is 33157 composite?
True
Is 36889 a composite number?
True
Is 22757 prime?
False
Is 11743 composite?
False
Is 34417 a prime number?
False
Is 224579 a composite number?
False
Is 25703 a composite number?
False
Is 9111 prime?
False
Is 50057 a prime number?
False
Is 4303 prime?
False
Is 172243 a prime number?
True
Is 1279337 a composite number?
False
Is 385465 a prime number?
False
Is 1584707 prime?
False
Is 1083541 a prime number?
True
Is 75401 a prime number?
True
Is 3109 composite?
False
Is 20697 a prime number?
False
Is 63409 a composite number?
False
Is 67702 composite?
True
Is 36319 a composite number?
False
Is 55007 a prime number?
False
Is 65777 composite?
False
Is 46993 a prime number?
True
Is 58631 a prime number?
True
Is 98203 a composite number?
True
Is 7523 prime?
True
Is 1469 prime?
False
Is 6263 composite?
False
Is 76207 a composite number?
False
Is 534571 prime?
True
Is 19961 a prime number?
True
Is 115279 a prime number?
True
Is 284251 a prime number?
False
Is 55439 a composite number?
False
Is 659279 a composite number?
False
Is 965023 composite?
False
Is 79103 composite?
False
Is 439003 a prime number?
False
Is 36341 a prime number?
True
Is 452159 a composite number?
False
Is 327193 prime?
True
Is 50937 a prime number?
False
Is 121843 prime?
True
Is 6733 a composite number?
False
Is 1191985 a composite number?
True
Is 134773 a composite number?
True
Is 28957 prime?
False
Is 32051 a composite number?
False
Is 199337 a composite number?
False
Is 188753 prime?
True
Is 15721 composite?
True
Is 22507 prime?
False
Is 10801 prime?
False
Is 6421 composite?
False
Is 131 a prime number?
True
Is 14047 a prime number?
False
Is 16879 prime?
True
Is 1392389 prime?
False
Is 758489 prime?
False
Is 160903 a prime number?
True
Is 991 a composite number?
False
Is 20851 composite?
True
Is 5437 prime?
True
Is 5809 a composite number?
True
Is 2881 a composite number?
True
Is 6031 a prime number?
False
Is 3401 composite?
True
Is 4867 a prime number?
False
Is 1597 composite?
False
Is 301403 a composite number?
Fa